{"id":17,"date":"2019-03-07T15:11:57","date_gmt":"2019-03-07T15:11:57","guid":{"rendered":"http:\/\/www.adressemerken.de\/?page_id=17"},"modified":"2025-05-28T06:14:19","modified_gmt":"2025-05-28T06:14:19","slug":"impressum","status":"publish","type":"page","link":"http:\/\/www.adressemerken.de\/?page_id=17","title":{"rendered":"Impressum"},"content":{"rendered":"\t\t<div data-elementor-type=\"wp-page\" data-elementor-id=\"17\" class=\"elementor elementor-17\">\n\t\t\t\t\t\t<section class=\"elementor-section elementor-top-section elementor-element elementor-element-7d383895 elementor-section-boxed elementor-section-height-default elementor-section-height-default\" data-id=\"7d383895\" data-element_type=\"section\" data-e-type=\"section\">\n\t\t\t\t\t\t<div class=\"elementor-container elementor-column-gap-default\">\n\t\t\t\t\t<div class=\"elementor-column elementor-col-100 elementor-top-column elementor-element elementor-element-f18e90d\" data-id=\"f18e90d\" data-element_type=\"column\" data-e-type=\"column\">\n\t\t\t<div class=\"elementor-widget-wrap elementor-element-populated\">\n\t\t\t\t\t\t<div class=\"elementor-element elementor-element-7559fb79 elementor-widget elementor-widget-text-editor\" data-id=\"7559fb79\" data-element_type=\"widget\" data-e-type=\"widget\" data-widget_type=\"text-editor.default\">\n\t\t\t\t<div class=\"elementor-widget-container\">\n\t\t\t\t\t\t\t\t\t<p style=\"text-align: center;\">Das Internet-Portal &#8222;Adresse-merken!de&#8220; ist eine Service der Firma:<\/p><p style=\"text-align: center;\"><a href=\"http:\/\/www.mw-germany.de\">MW-Germany<\/a><br \/>Matthias Welter<br \/>Zusestra\u00dfe 13<br \/>48653 Coesfeld<\/p><h3 style=\"text-align: center;\">Kontakt<\/h3><p style=\"text-align: center;\">Telefon: +49 179\/2233483<br \/>E-Mail:\u00a0<a href=\"mailto:m.welter@adresse-merken.de\">m.welter@adresse-merken.de<\/a><\/p><p style=\"text-align: center;\">Steuernummer:<br \/>312\/5156\/0740<\/p><p style=\"text-align: center;\">Umsatzsteuer-ID:<br \/>DE246970392<\/p><h3 style=\"text-align: center;\">Rechtliche Hinweise<\/h3><p style=\"text-align: center;\">Wir distanzieren uns ausdr\u00fccklich von Inhalten verlinkter Webseiten. Verantwortlich sind dabei jeweils die externen Betreiber dieser verlinkten Seiten.<\/p><p>m.welter@adresse-merken.de<\/p><h3><strong>Angaben zur Barrierefreiheit<\/strong><\/h3><p>Als Kleinstunternehmen im Sinne des \u00a7\u202f2 Absatz 2 des Barrierefreiheitsst\u00e4rkungsgesetzes sind wir nicht verpflichtet, diese Website barrierefrei zu gestalten.<br \/>Wir bem\u00fchen uns dennoch, unsere Inhalte m\u00f6glichst verst\u00e4ndlich und benutzerfreundlich aufzubereiten.<br \/>Wenn Ihnen Barrieren auffallen, freuen wir uns \u00fcber einen Hinweis an:<br \/><img decoding=\"async\" class=\"emoji\" role=\"img\" draggable=\"false\" src=\"https:\/\/s.w.org\/images\/core\/emoji\/15.1.0\/svg\/1f4e7.svg\" alt=\"\ud83d\udce7\" \/>\u00a0m.welter@adresse-merken.de<\/p>\t\t\t\t\t\t\t\t<\/div>\n\t\t\t\t<\/div>\n\t\t\t\t\t<\/div>\n\t\t<\/div>\n\t\t\t\t\t<\/div>\n\t\t<\/section>\n\t\t\t\t<\/div>\n\t\t","protected":false},"excerpt":{"rendered":"<p>Das Internet-Portal &#8222;Adresse-merken!de&#8220; ist eine Service der Firma: MW-GermanyMatthias WelterZusestra\u00dfe 1348653 Coesfeld Kontakt Telefon: +49 179\/2233483E-Mail:\u00a0m.welter@adresse-merken.de Steuernummer:312\/5156\/0740 Umsatzsteuer-ID:DE246970392 Rechtliche Hinweise Wir distanzieren uns ausdr\u00fccklich von Inhalten verlinkter Webseiten. Verantwortlich sind dabei jeweils die externen Betreiber dieser verlinkten Seiten. m.welter@adresse-merken.de Angaben zur Barrierefreiheit Als Kleinstunternehmen im Sinne des \u00a7\u202f2 Absatz 2 des Barrierefreiheitsst\u00e4rkungsgesetzes sind wir nicht [&hellip;]<\/p>\n","protected":false},"author":1,"featured_media":0,"parent":0,"menu_order":0,"comment_status":"closed","ping_status":"closed","template":"","meta":{"footnotes":""},"class_list":["post-17","page","type-page","status-publish","hentry","entry"],"_links":{"self":[{"href":"http:\/\/www.adressemerken.de\/index.php?rest_route=\/wp\/v2\/pages\/17","targetHints":{"allow":["GET"]}}],"collection":[{"href":"http:\/\/www.adressemerken.de\/index.php?rest_route=\/wp\/v2\/pages"}],"about":[{"href":"http:\/\/www.adressemerken.de\/index.php?rest_route=\/wp\/v2\/types\/page"}],"author":[{"embeddable":true,"href":"http:\/\/www.adressemerken.de\/index.php?rest_route=\/wp\/v2\/users\/1"}],"replies":[{"embeddable":true,"href":"http:\/\/www.adressemerken.de\/index.php?rest_route=%2Fwp%2Fv2%2Fcomments&post=17"}],"version-history":[{"count":15,"href":"http:\/\/www.adressemerken.de\/index.php?rest_route=\/wp\/v2\/pages\/17\/revisions"}],"predecessor-version":[{"id":503,"href":"http:\/\/www.adressemerken.de\/index.php?rest_route=\/wp\/v2\/pages\/17\/revisions\/503"}],"wp:attachment":[{"href":"http:\/\/www.adressemerken.de\/index.php?rest_route=%2Fwp%2Fv2%2Fmedia&parent=17"}],"curies":[{"name":"wp","href":"https:\/\/api.w.org\/{rel}","templated":true}]}}