{"id":41,"date":"2019-03-07T15:16:02","date_gmt":"2019-03-07T15:16:02","guid":{"rendered":"http:\/\/www.adressemerken.de\/?page_id=41"},"modified":"2023-03-07T07:15:05","modified_gmt":"2023-03-07T07:15:05","slug":"ueber-uns","status":"publish","type":"page","link":"http:\/\/www.adressemerken.de\/?page_id=41","title":{"rendered":"\u00dcber uns"},"content":{"rendered":"\t\t<div data-elementor-type=\"wp-page\" data-elementor-id=\"41\" class=\"elementor elementor-41\">\n\t\t\t\t\t\t<section class=\"elementor-section elementor-top-section elementor-element elementor-element-3afa7021 elementor-section-boxed elementor-section-height-default elementor-section-height-default\" data-id=\"3afa7021\" data-element_type=\"section\" data-e-type=\"section\">\n\t\t\t\t\t\t<div class=\"elementor-container elementor-column-gap-default\">\n\t\t\t\t\t<div class=\"elementor-column elementor-col-100 elementor-top-column elementor-element elementor-element-15b7ecfa\" data-id=\"15b7ecfa\" data-element_type=\"column\" data-e-type=\"column\">\n\t\t\t<div class=\"elementor-widget-wrap elementor-element-populated\">\n\t\t\t\t\t\t<div class=\"elementor-element elementor-element-3fada5dc elementor-widget elementor-widget-text-editor\" data-id=\"3fada5dc\" data-element_type=\"widget\" data-e-type=\"widget\" data-widget_type=\"text-editor.default\">\n\t\t\t\t<div class=\"elementor-widget-container\">\n\t\t\t\t\t\t\t\t\t<p style=\"text-align: center;\">\u00a0<\/p><p style=\"text-align: center;\">Das Markenemblem <img decoding=\"async\" class=\"wp-image-281 size-full aligncenter\" src=\"http:\/\/www.adressemerken.de\/wp-content\/uploads\/2019\/03\/logoklein2.png\" alt=\"\" width=\"230\" height=\"35\" \/>ist ein Service-Portal f\u00fcr eine begrenzte Anzahl an Dienstleister (max. 15) aus verschiedenen Branchen. Grunds\u00e4tzliches Ziel dabei ist die werbewirksame Steigerung der Bekanntheit der teilnehmenden Betriebe sowie deren jeweiligen T\u00e4tigkeitsfelder und Produktangebote. Dabei fungiert das Emblem nur als Netzwerk. Jede teilnehmende Firma ist weiter unabh\u00e4ngig und selbstst\u00e4ndig gef\u00fchrt.<\/p><div class=\"\" style=\"text-align: center;\">Wesentliche Abgrenzungsmerkmale zu anderen Portalen sind zum einen der einpr\u00e4gsame Name inkl. des stilisierten<br \/>Post-It\u00b4s und zum zweiten die Exklusivit\u00e4t bez\u00fcglich der Teilnahmem\u00f6glichkeit: Es ist immer nur eine Firma pro Branche m\u00f6glich. Dadurch entsteht zwischen den teilnehmenden Firmen keine Konkurrenzsituation. Gemeinsam durchgef\u00fchrte Werbekampagnen vervollst\u00e4ndigen das System.<\/div><div class=\"\" style=\"text-align: center;\">\u00a0<\/div><div class=\"\" style=\"text-align: center;\">M\u00f6chten auch Sie mit Ihrer Firma oder Dienstleistung auf dem Portal vertreten sein?<\/div><div class=\"\" style=\"text-align: center;\">Dann <a href=\"http:\/\/www.adressemerken.de\/?page_id=5\">kontaktieren<\/a> Sie uns doch bitte einfach!<\/div><div class=\"\" style=\"text-align: center;\">Gerne erl\u00e4utern wir Ihnen weitere Details unterbreiten wir Ihnen ein Angebot.<\/div><p>\u00a0<\/p>\t\t\t\t\t\t\t\t<\/div>\n\t\t\t\t<\/div>\n\t\t\t\t\t<\/div>\n\t\t<\/div>\n\t\t\t\t\t<\/div>\n\t\t<\/section>\n\t\t\t\t<\/div>\n\t\t","protected":false},"excerpt":{"rendered":"<p>\u00a0 Das Markenemblem ist ein Service-Portal f\u00fcr eine begrenzte Anzahl an Dienstleister (max. 15) aus verschiedenen Branchen. Grunds\u00e4tzliches Ziel dabei ist die werbewirksame Steigerung der Bekanntheit der teilnehmenden Betriebe sowie deren jeweiligen T\u00e4tigkeitsfelder und Produktangebote. Dabei fungiert das Emblem nur als Netzwerk. Jede teilnehmende Firma ist weiter unabh\u00e4ngig und selbstst\u00e4ndig gef\u00fchrt. Wesentliche Abgrenzungsmerkmale zu anderen [&hellip;]<\/p>\n","protected":false},"author":1,"featured_media":0,"parent":0,"menu_order":0,"comment_status":"closed","ping_status":"closed","template":"","meta":{"footnotes":""},"class_list":["post-41","page","type-page","status-publish","hentry","entry"],"_links":{"self":[{"href":"http:\/\/www.adressemerken.de\/index.php?rest_route=\/wp\/v2\/pages\/41","targetHints":{"allow":["GET"]}}],"collection":[{"href":"http:\/\/www.adressemerken.de\/index.php?rest_route=\/wp\/v2\/pages"}],"about":[{"href":"http:\/\/www.adressemerken.de\/index.php?rest_route=\/wp\/v2\/types\/page"}],"author":[{"embeddable":true,"href":"http:\/\/www.adressemerken.de\/index.php?rest_route=\/wp\/v2\/users\/1"}],"replies":[{"embeddable":true,"href":"http:\/\/www.adressemerken.de\/index.php?rest_route=%2Fwp%2Fv2%2Fcomments&post=41"}],"version-history":[{"count":43,"href":"http:\/\/www.adressemerken.de\/index.php?rest_route=\/wp\/v2\/pages\/41\/revisions"}],"predecessor-version":[{"id":466,"href":"http:\/\/www.adressemerken.de\/index.php?rest_route=\/wp\/v2\/pages\/41\/revisions\/466"}],"wp:attachment":[{"href":"http:\/\/www.adressemerken.de\/index.php?rest_route=%2Fwp%2Fv2%2Fmedia&parent=41"}],"curies":[{"name":"wp","href":"https:\/\/api.w.org\/{rel}","templated":true}]}}